 is divided by 206?
56
Calculate the remainder when 7655 is divided by 264.
263
What is the remainder when 530739 is divided by 282?
15
What is the remainder when 10798 is divided by 10?
8
Calculate the remainder when 708782 is divided by 141754.
12
What is the remainder when 686113 is divided by 237?
235
What is the remainder when 14590 is divided by 40?
30
What is the remainder when 22481 is divided by 4492?
21
Calculate the remainder when 6806 is divided by 228.
194
Calculate the remainder when 4268 is divided by 301.
54
What is the remainder when 109490 is divided by 12163?
23
Calculate the remainder when 20669 is divided by 20659.
10
What is the remainder when 11056 is divided by 277?
253
What is the remainder when 512080 is divided by 61?
46
What is the remainder when 140024 is divided by 8751?
8
Calculate the remainder when 25188 is divided by 25165.
23
Calculate the remainder when 201998 is divided by 40.
38
What is the remainder when 9557 is divided by 476?
37
Calculate the remainder when 58790 is divided by 29392.
6
Calculate the remainder when 21823 is divided by 22.
21
What is the remainder when 774 is divided by 199?
177
What is the remainder when 16443 is divided by 253?
251
What is the remainder when 19063 is divided by 504?
415
What is the remainder when 12997 is divided by 97?
96
What is the remainder when 140731 is divided by 254?
15
What is the remainder when 46558 is divided by 39?
31
What is the remainder when 4158 is divided by 681?
72
Calculate the remainder when 24243 is divided by 1102.
1101
Calculate the remainder when 8808 is divided by 270.
168
What is the remainder when 2436806 is divided by 129?
125
What is the remainder when 6380 is divided by 21?
17
What is the remainder when 12138 is divided by 86?
12
Calculate the remainder when 55792 is divided by 547.
545
Calculate the remainder when 29041 is divided by 880.
1
What is the remainder when 2260 is divided by 207?
190
Calculate the remainder when 16009 is divided by 5325.
34
Calculate the remainder when 10277 is divided by 269.
55
Calculate the remainder when 83144 is divided by 7557.
17
What is the remainder when 3395066 is divided by 331?
330
Calculate the remainder when 18813 is divided by 6080.
573
What is the remainder when 7270 is divided by 11?
10
What is the remainder when 2275 is divided by 251?
16
What is the remainder when 5491824 is divided by 1107?
1104
Calculate the remainder when 8719 is divided by 27.
25
What is the remainder when 2163 is divided by 1029?
105
Calculate the remainder when 34121 is divided by 149.
0
What is the remainder when 1894 is divided by 28?
18
Calculate the remainder when 8112 is divided by 238.
20
What is the remainder when 13210 is divided by 200?
10
What is the remainder when 162352 is divided by 6494?
2
What is the remainder when 3305 is divided by 395?
145
Calculate the remainder when 1157 is divided by 69.
53
What is the remainder when 2731318 is divided by 40?
38
What is the remainder when 34764 is divided by 11529?
177
What is the remainder when 12880 is divided by 4276?
52
What is the remainder when 320630 is divided by 3?
2
Calculate the remainder when 1048825 is divided by 121.
118
What is the remainder when 27634 is divided by 1726?
18
Calculate the remainder when 282504 is divided by 1095.
1089
Calculate the remainder when 5010 is divided by 969.
165
What is the remainder when 2293 is divided by 70?
53
Calculate the remainder when 7398 is divided by 1415.
323
What is the remainder when 42292 is divided by 21141?
10
Calculate the remainder when 135305 is divided by 111.
107
Calculate the remainder when 3035 is divided by 157.
52
Calculate the remainder when 487 is divided by 64.
39
Calculate the remainder when 4606 is divided by 148.
18
Calculate the remainder when 75076 is divided by 37528.
20
What is the remainder when 547 is divided by 100?
47
Calculate the remainder when 23264 is divided by 33.
32
What is the remainder when 67477 is divided by 1106?
11
Calculate the remainder when 1646 is divided by 134.
38
What is the remainder when 9979 is divided by 39?
34
What is the remainder when 32453 is divided by 4608?
197
Calculate the remainder when 1519867 is divided by 674.
671
What is the remainder when 37641 is divided by 1108?
1077
What is the remainder when 16479 is divided by 10?
9
What is the remainder when 5170 is divided by 644?
18
What is the remainder when 10277 is divided by 67?
26
Calculate the remainder when 105420 is divided by 1952.
12
What is the remainder when 315117 is divided by 413?
411
What is the remainder when 17502 is divided by 5552?
846
Calculate the remainder when 26908 is divided by 23.
21
What is the remainder when 61165 is divided by 78?
13
What is the remainder when 13924 is divided by 23?
9
What is the remainder when 1266821 is divided by 687?
680
What is the remainder when 42954 is divided by 1339?
106
What is the remainder when 38428 is divided by 154?
82
What is the remainder when 14757 is divided by 10?
7
Calculate the remainder when 1906 is divided by 189.
16
Calculate the remainder when 3109277 is divided by 1789.
1784
Calculate the remainder when 8767 is divided by 66.
55
Calculate the remainder when 15551 is divided by 576.
575
Calculate the remainder when 13243 is divided by 115.
18
Calculate the remainder when 1092400 is divided by 57494.
14
What is the remainder when 3884 is divided by 149?
10
What is the remainder when 2803 is divided by 125?
53
What is the remainder when 250980 is divided by 79?
76
What is the remainder when 670385 is divided by 1570?
1565
What is the remainder when 11917 is divided by 80?
77
Calculate the remainder when 17416 is divided by 5801.
13
What is the remainder when 3374 is divided by 958?
500
Calculate the remainder when 3302 is divided by 1632.
38
What is the remainder when 37899 is divided by 25?
24
Calculate the remainder when 541 is divided by 171.
28
What is the remainder when 1629 is divided by 775?
79
What is the remainder when 238255 is divided by 207?
205
Calculate the remainder when 5004 is divided by 2.
0
Calculate the remainder when 22604 is divided by 7522.
38
What is the remainder when 46259 is divided by 905?
104
Calculate the remainder when 254175 is divided by 6687.
69
What is the remainder when 749565 is divided by 12?
9
What is the remainder when 16401 is divided by 399?
42
What is the remainder when 38451 is divided by 12?
3
Calculate the remainder when 1208 is divided by 83.
46
Calculate the remainder when 442 is divided by 211.
20
What is the remainder when 668563 is divided by 139?
112
What is the remainder when 451 is divided by 186?
79
What is the remainder when 7981 is divided by 531?
16
Calculate the remainder when 376348 is divided by 121.
38
What is the remainder when 2523 is divided by 185?
118
What is the remainder when 2137 is divided by 151?
23
What is the remainder when 1170 is divided by 155?
85
Calculate the remainder when 377 is divided by 19.
16
What is the remainder when 3414 is divided by 265?
234
What is the remainder when 2264781 is divided by 13?
12
Calculate the remainder when 460069 is divided by 611.
597
Calculate the remainder when 29523 is divided by 1410.
1323
What is the remainder when 15568 is divided by 2220?
28
Calculate the remainder when 177671 is divided by 1316.
11
Calculate the remainder when 133228 is divided by 88.
84
What is the remainder when 23427 is divided by 23402?
25
Calculate the remainder when 325860 is divided by 308.
304
What is the remainder when 109813 is divided by 147?
4
What is the remainder when 10516 is divided by 1331?
1199
What is the remainder when 35582 is divided by 42?
8
Calculate the remainder when 81930 is divided by 773.
765
What is the remainder when 72587 is divided by 168?
11
What is the remainder when 238869 is divided by 74?
71
Calculate the remainder when 85437 is divided by 119.
114
What is the remainder when 12839 is divided by 404?
315
Calculate the remainder when 83785 is divided by 6445.
0
What is the remainder when 3995 is divided by 357?
68
Calculate the remainder when 7371 is divided by 567.
0
What is the remainder when 980 is divided by 123?
119
What is the remainder when 462116 is divided by 14441?
4
What is the remainder when 1383226